{"id":80,"date":"2020-11-13T14:40:56","date_gmt":"2020-11-13T13:40:56","guid":{"rendered":"https:\/\/unss.sk\/edi\/?page_id=80"},"modified":"2022-07-21T09:43:13","modified_gmt":"2022-07-21T07:43:13","slug":"media","status":"publish","type":"page","link":"https:\/\/unss.sk\/edi\/media\/","title":{"rendered":"M\u00e9di\u00e1"},"content":{"rendered":"\n<p><a href=\"https:\/\/unss.sk\/ts-svetovy-den-miest-je-prilezitostou-hovorit-aj-o-potrebach-nevidiacich-a-slabozrakych-ludi\/\">Tla\u010dov\u00e1 spr\u00e1va: Svetov\u00fd de\u0148 miest je pr\u00edle\u017eitos\u0165ou hovori\u0165 aj o potreb\u00e1ch nevidiacich a slabozrak\u00fdch \u013eud\u00ed (30. okt\u00f3ber 2020, \u00daNSS)<\/a><\/p>\n\n\n\n<p><a href=\"http:\/\/www.euroblind.org\/newsletter\/2020\/october\/en\/slovakia-education-inclusion\">Slovakia \u2013 From Education to Inclusion (10\/2020, European Blind Union Member\u2019s newsletter)<\/a><\/p>\n\n\n\n<p><a href=\"https:\/\/www.funka.com\/en\/research-and-innovation\/archive---research-projects\/from-education-to-inclusion\/\">From education to inclusion, Funka website, 17.12.2020<\/a><\/p>\n\n\n\n<p><a href=\"https:\/\/poslepu.cz\/tag\/edi\/\">Inform\u00e1cie o projekte EDI na webstr\u00e1nke poslepu.cz<\/a><\/p>\n\n\n\n<p><a href=\"https:\/\/www.euroblind.org\/newsletter\/2022\/january\/en\/slovakia-join-us-online-edi-conference-22-02-2022\">Slovakia \u2013 Join us online for the EDI conference on 22-02-2022<\/a><\/p>\n\n\n\n<p><a href=\"https:\/\/unss.sk\/edi\/wp-content\/uploads\/2022\/07\/konferencia.docx\">Konferencia ako bodka za medzin\u00e1rodn\u00fdm projektom EDI, Nov\u00fd \u017eivot (SKN Levo\u010da), marec 2022, form\u00e1t docx, 27kB<\/a><\/p>\n\n\n\n<p><a href=\"https:\/\/unss.sk\/edi\/wp-content\/uploads\/2022\/07\/duha-02-2022.docx\">Bodka za projektom EDI, \u010casopis D\u00faha, 2\/2022, form\u00e1t docx, 1,5MB<\/a><\/p>\n\n\n\n<p><a href=\"https:\/\/unss.sk\/edi\/wp-content\/uploads\/2022\/07\/duha-02-2022.pdf\">Bodka za projektom EDI, \u010casopis D\u00faha, 2\/2022, form\u00e1t pdf, 1,7MB<\/a><\/p>\n","protected":false},"excerpt":{"rendered":"<div class=\"entry-summary\">\n<div class=\"entry-summary\">\nTla\u010dov\u00e1 spr\u00e1va: Svetov\u00fd de\u0148 miest je pr\u00edle\u017eitos\u0165ou hovori\u0165 aj o potreb\u00e1ch nevidiacich a slabozrak\u00fdch \u013eud\u00ed (30. okt\u00f3ber 2020, \u00daNSS) Slovakia \u2013 From Education to Inclusion (10\/2020, European Blind Union Member\u2019s newsletter) From education to inclusion, Funka website, 17.12.2020 Inform\u00e1cie o&hellip;\n<\/div>\n<div class=\"link-more\"><a href=\"https:\/\/unss.sk\/edi\/media\/\" class=\"more-link\">Pre\u010d\u00edta\u0165<span class=\"screen-reader-text\"> &ldquo;M\u00e9di\u00e1&rdquo;<\/span>&hellip;<\/a><\/div>\n<\/div>\n<div class=\"link-more\"><a href=\"https:\/\/unss.sk\/edi\/media\/\" class=\"more-link\">Pre\u010d\u00edta\u0165<span class=\"screen-reader-text\"> &ldquo;M\u00e9di\u00e1&rdquo;<\/span>&hellip;<\/a><\/div>\n","protected":false},"author":1,"featured_media":0,"parent":0,"menu_order":0,"comment_status":"closed","ping_status":"closed","template":"","meta":[],"acf":[],"_links":{"self":[{"href":"https:\/\/unss.sk\/edi\/wp-json\/wp\/v2\/pages\/80"}],"collection":[{"href":"https:\/\/unss.sk\/edi\/wp-json\/wp\/v2\/pages"}],"about":[{"href":"https:\/\/unss.sk\/edi\/wp-json\/wp\/v2\/types\/page"}],"author":[{"embeddable":true,"href":"https:\/\/unss.sk\/edi\/wp-json\/wp\/v2\/users\/1"}],"replies":[{"embeddable":true,"href":"https:\/\/unss.sk\/edi\/wp-json\/wp\/v2\/comments?post=80"}],"version-history":[{"count":9,"href":"https:\/\/unss.sk\/edi\/wp-json\/wp\/v2\/pages\/80\/revisions"}],"predecessor-version":[{"id":368,"href":"https:\/\/unss.sk\/edi\/wp-json\/wp\/v2\/pages\/80\/revisions\/368"}],"wp:attachment":[{"href":"https:\/\/unss.sk\/edi\/wp-json\/wp\/v2\/media?parent=80"}],"curies":[{"name":"wp","href":"https:\/\/api.w.org\/{rel}","templated":true}]}}