{"id":13,"date":"2020-09-16T16:55:17","date_gmt":"2020-09-16T14:55:17","guid":{"rendered":"https:\/\/unss.sk\/edi\/?page_id=13"},"modified":"2021-03-04T13:21:35","modified_gmt":"2021-03-04T12:21:35","slug":"co-je-edi","status":"publish","type":"page","link":"https:\/\/unss.sk\/edi\/","title":{"rendered":"\u010co je EDI"},"content":{"rendered":"\n<h1>\u010co je EDI<\/h1>\n\n\n\n<p>Pr\u00edstupnos\u0165 je neodmyslite\u013enou s\u00fa\u010das\u0165ou modern\u00e9ho a plnohodnotn\u00e9ho \u017eivota \u013eud\u00ed so zrakov\u00fdm postihnut\u00edm v s\u00fa\u010dasnej spolo\u010dnosti. Chc\u00fa robi\u0165 takmer v\u0161etko a m\u00f4c\u0165 sa z\u00fa\u010dast\u0148ova\u0165 na takmer v\u0161etk\u00fdch aktivit\u00e1ch ako \u013eudia bez postihnutia. Pod\u013ea \u010dl\u00e1nku 9 Dohovoru OSN o pr\u00e1vach os\u00f4b so zdravotn\u00fdm postihnut\u00edm je t\u00e1to situ\u00e1cia do ve\u013emi ve\u013ekej miery rie\u0161ite\u013en\u00e1 prostredn\u00edctvom zabezpe\u010denia pr\u00edstupnosti, takzvan\u00fdch primeran\u00fdch \u00faprav, pre osoby so zrakov\u00fdm i so zdravotn\u00fdm postihnut\u00edm vo v\u0161eobecnosti. Podmienky teda vytvoren\u00e9 s\u00fa. Probl\u00e9m nast\u00e1va vtedy, ke\u010f do cel\u00e9ho procesu zapoj\u00edme \u013eudsk\u00fd faktor. Pracovn\u00edci rozli\u010dn\u00fdch klientsk\u00fdch pracov\u00edsk, dokonca i t\u00ed, ktor\u00ed s\u00fa priamo zodpovedn\u00ed za jednotliv\u00e9 oblasti pr\u00edstupnosti, v skuto\u010dnosti pri kontakte s \u013eu\u010fmi so zrakov\u00fdm postihnut\u00edm nevedia, ako adekv\u00e1tne reagova\u0165, ako im poskytova\u0165 inform\u00e1cie \u010di upravi\u0165 prostredie tak, aby bolo pre nich \u010do najpr\u00edstupnej\u0161ie a najkomfortnej\u0161ie.<\/p>\n\n\n\n<p>V septembri 2019 za\u010dala \u00dania nevidiacich a slabozrak\u00fdch Slovenska s podporou eur\u00f3pskeho programu Erasmus+ realizova\u0165 medzin\u00e1rodn\u00fd projekt od Vzdel\u00e1vania k inkl\u00fazii (From Education to Inclusion, v \u010fal\u0161om texte budeme pou\u017e\u00edva\u0165 anglick\u00fa skratku EDI).<\/p>\n\n\n\n<p><strong>Cie\u013eom tohto projektu je prispie\u0165 k odstr\u00e1neniu bari\u00e9r v oblasti fyzick\u00e9ho prostredia, inform\u00e1ci\u00ed i bari\u00e9r v be\u017enej komunik\u00e1cii prostredn\u00edctvom vytvorenia vzdel\u00e1vac\u00edch modulov a ich realiz\u00e1cie pre vybran\u00e9 cie\u013eov\u00e9 skupiny, ich odsk\u00fa\u0161anie a n\u00e1sledn\u00e9 zv\u00fd\u0161enie soci\u00e1lnej inkl\u00fazie slabozrak\u00fdch a nevidiacich \u013eud\u00ed.<\/strong><\/p>\n","protected":false},"excerpt":{"rendered":"<div class=\"entry-summary\">\n<div class=\"entry-summary\">\n\u010co je EDI Pr\u00edstupnos\u0165 je neodmyslite\u013enou s\u00fa\u010das\u0165ou modern\u00e9ho a plnohodnotn\u00e9ho \u017eivota \u013eud\u00ed so zrakov\u00fdm postihnut\u00edm v s\u00fa\u010dasnej spolo\u010dnosti. Chc\u00fa robi\u0165 takmer v\u0161etko a m\u00f4c\u0165 sa z\u00fa\u010dast\u0148ova\u0165 na takmer v\u0161etk\u00fdch aktivit\u00e1ch ako \u013eudia bez postihnutia. Pod\u013ea \u010dl\u00e1nku 9 Dohovoru OSN o&hellip;\n<\/div>\n<div class=\"link-more\"><a href=\"https:\/\/unss.sk\/edi\/\" class=\"more-link\">Pre\u010d\u00edta\u0165<span class=\"screen-reader-text\"> &ldquo;\u010co je EDI&rdquo;<\/span>&hellip;<\/a><\/div>\n<\/div>\n<div class=\"link-more\"><a href=\"https:\/\/unss.sk\/edi\/\" class=\"more-link\">Pre\u010d\u00edta\u0165<span class=\"screen-reader-text\"> &ldquo;\u010co je EDI&rdquo;<\/span>&hellip;<\/a><\/div>\n","protected":false},"author":1,"featured_media":0,"parent":0,"menu_order":0,"comment_status":"closed","ping_status":"closed","template":"","meta":[],"acf":[],"_links":{"self":[{"href":"https:\/\/unss.sk\/edi\/wp-json\/wp\/v2\/pages\/13"}],"collection":[{"href":"https:\/\/unss.sk\/edi\/wp-json\/wp\/v2\/pages"}],"about":[{"href":"https:\/\/unss.sk\/edi\/wp-json\/wp\/v2\/types\/page"}],"author":[{"embeddable":true,"href":"https:\/\/unss.sk\/edi\/wp-json\/wp\/v2\/users\/1"}],"replies":[{"embeddable":true,"href":"https:\/\/unss.sk\/edi\/wp-json\/wp\/v2\/comments?post=13"}],"version-history":[{"count":2,"href":"https:\/\/unss.sk\/edi\/wp-json\/wp\/v2\/pages\/13\/revisions"}],"predecessor-version":[{"id":102,"href":"https:\/\/unss.sk\/edi\/wp-json\/wp\/v2\/pages\/13\/revisions\/102"}],"wp:attachment":[{"href":"https:\/\/unss.sk\/edi\/wp-json\/wp\/v2\/media?parent=13"}],"curies":[{"name":"wp","href":"https:\/\/api.w.org\/{rel}","templated":true}]}}

Čo je EDI

<h1>Čo je EDI</h1>



<p>Prístupnosť je neodmysliteľnou súčasťou moderného a plnohodnotného života ľudí so zrakovým postihnutím v súčasnej spoločnosti. Chcú robiť takmer všetko a môcť sa zúčastňovať na takmer všetkých aktivitách ako ľudia bez postihnutia. Podľa článku 9 Dohovoru OSN o právach osôb so zdravotným postihnutím je táto situácia do veľmi veľkej miery riešiteľná prostredníctvom zabezpečenia prístupnosti, takzvaných primeraných úprav, pre osoby so zrakovým i so zdravotným postihnutím vo všeobecnosti. Podmienky teda vytvorené sú. Problém nastáva vtedy, keď do celého procesu zapojíme ľudský faktor. Pracovníci rozličných klientských pracovísk, dokonca i tí, ktorí sú priamo zodpovední za jednotlivé oblasti prístupnosti, v skutočnosti pri kontakte s ľuďmi so zrakovým postihnutím nevedia, ako adekvátne reagovať, ako im poskytovať informácie či upraviť prostredie tak, aby bolo pre nich čo najprístupnejšie a najkomfortnejšie.</p>



<p>V septembri 2019 začala Únia nevidiacich a slabozrakých Slovenska s podporou európskeho programu Erasmus+ realizovať medzinárodný projekt od Vzdelávania k inklúzii (From Education to Inclusion, v ďalšom texte budeme používať anglickú skratku EDI).</p>



<p><strong>Cieľom tohto projektu je prispieť k odstráneniu bariér v oblasti fyzického prostredia, informácií i bariér v bežnej komunikácii prostredníctvom vytvorenia vzdelávacích modulov a ich realizácie pre vybrané cieľové skupiny, ich odskúšanie a následné zvýšenie sociálnej inklúzie slabozrakých a nevidiacich ľudí.</strong></p>

<div class="entry-summary">
<div class="entry-summary">
Čo je EDI Prístupnosť je neodmysliteľnou súčasťou moderného a plnohodnotného života ľudí so zrakovým postihnutím v súčasnej spoločnosti. Chcú robiť takmer všetko a môcť sa zúčastňovať na takmer všetkých aktivitách ako ľudia bez postihnutia. Podľa článku 9 Dohovoru OSN o&hellip;
</div>
<div class="link-more"><a href="https://unss.sk/edi/" class="more-link">Prečítať<span class="screen-reader-text"> &ldquo;Čo je EDI&rdquo;</span>&hellip;</a></div>
</div>
<div class="link-more"><a href="https://unss.sk/edi/" class="more-link">Prečítať<span class="screen-reader-text"> &ldquo;Čo je EDI&rdquo;</span>&hellip;</a></div>
